 - 11/2). Suppose -h = -4*b + 85. Let l = b + -27. Does 12 divide l?
False
Suppose 8*z = 6*z. Suppose 3*g - 4*t + 0*t - 43 = z, 2*g - 24 = 5*t. Is g a multiple of 14?
False
Suppose -6*j + 84 = -4*j. Let i = 69 - j. Is 12 a factor of i?
False
Suppose 0 = 3*d - 5*h - 275, -5*d + 517 = h + 68. Is 15 a factor of d?
True
Let t(w) = 1 + 0 - 2 - 6*w - w**2 + 0. Does 2 divide t(-4)?
False
Let h(g) = -g**3 - 5*g**2 - 6*g - 6. Let u be h(-4). Let k be 5/(-3) - (-2)/3. Let q = u - k. Is q even?
False
Does 14 divide 1 - (-58 + 2 + 0)?
False
Let s(d) = -2*d**2 + 6*d + 7. Let u be s(-5). Let l = -50 - u. Does 6 divide l?
False
Is ((-441)/27)/((-2)/6) a multiple of 22?
False
Let b(o) = -6*o + 11. Does 10 divide b(-3)?
False
Let w = 5 - 2. Let c be 1*w + (3 - 3). Suppose 0 = z + c*z - 120. Is z a multiple of 10?
True
Let r = -51 - -57. Is 3 a factor of r?
True
Suppose -4*h - 4*n + 7 = -17, 3*h - 4*n - 32 = 0. Let s be h/12 + 56/6. Suppose 0 = -r + s - 2. Does 5 divide r?
False
Suppose -2*k - 63 = k. Let a = -10 - k. Is a a multiple of 5?
False
Let h = -615 + 409. Does 7 divide (-2)/(-5) + h/(-10)?
True
Suppose 0 = 5*z + 5*k + 40, 4*k = 4*z + 79 - 7. Let n = z + 31. Does 7 divide n?
False
Suppose -3*p = p + 24. Let t = -2 - p. Suppose 4*d = t*h - 24, -6*h + 4*d + 27 = -h. Is h even?
False
Suppose -20 = -4*b - 2*a, 4*b + 3*a + 0*a = 16. Does 3 divide b?
False
Let v = 4 + -2. Suppose 5*t = 15 + 40. Let c = t + v. Is 6 a factor of c?
False
Suppose 5*p + 25 = 0, -3*p + 293 = 2*i - 4*p. Is 12 a factor of i?
True
Suppose 0 = -22*p + 27*p - 120. Is p a multiple of 5?
False
Let g be (78/15)/((-10)/(-25)). Let t = 2 + g. Does 5 divide t?
True
Let u be 4/(-2) - 98/(-1). Suppose 0*a - 3*a = -u. Is 17 a factor of a?
False
Let u be (4 - 2) + -1 + 1. Let a(c) = 4*c**2 + 2*c - c**2 - c**u. Is a(-2) a multiple of 4?
True
Suppose 2*m = -10, 0*s + 5*s - 2*m - 365 = 0. Suppose 2*y - 4*l - s = -y, 13 = y + 4*l. Is 7 a factor of y?
True
Is (14/(-4))/((-9)/18) a multiple of 7?
True
Suppose 57 = 3*f - 3*t, 8*t - 67 = -4*f + 3*t. Let g = f + 2. Is g a multiple of 8?
False
Suppose 20 = h - 15. Does 18 divide 495/7 + 10/h?
False
Suppose -u + 50 = -3*l + u, 3*u + 55 = -2*l. Let b = l - -29. Is b a multiple of 4?
False
Let s(j) = 4*j**3 - 2*j**2 - j + 2. Is s(3) a multiple of 23?
False
Let q(d) be the third derivative of 7*d**4/24 - 5*d**3/3 + 9*d**2. Is q(4) a multiple of 18?
True
Let c(u) = -u**3 + u**2 + u + 2. Let y be c(2). Suppose -4 = -2*d - y*d. Suppose d*k = -4*i + 3 + 25, i + 15 = 5*k. Does 5 divide i?
True
Let c = -1 - -3. Let q(o) = -11 + c*o + o + 3. Is q(6) a multiple of 8?
False
Let x(f) = -f - f**2 + 4*f**2 - 2 + 0 + 2*f**3. Does 8 divide x(2)?
True
Suppose 2*c + 127 = -41. Let i = c + 121. Is i a multiple of 22?
False
Suppose 0*d + 108 = 3*d. Is 6 a factor of d?
True
Suppose -f = 1 - 0, 3*n - 170 = -f. Is 23 a factor of n?
False
Let n = -4 + 7. Suppose -5*r - 3*c + 22 = -4*r, -42 = -3*r + n*c. Does 8 divide r?
True
Suppose -j = -4*j - 6. Let s = 1 - j. Suppose 56 = 4*o + 3*m - 15, 0 = -2*o - s*m + 43. Does 14 divide o?
True
Let r = 2 + 0. Let z be -1 + (r - 0) + 1. Suppose 0 = z*s - 15 - 13. Is 11 a factor of s?
False
Let z(o) = -2*o. Let y be z(-6). Does 3 divide y/8 + (-39)/(-6)?
False
Suppose -2*s = -5*s. Let x = 6 - s. Is x a multiple of 3?
True
Suppose -4*u = -3*p + 152, p - 5 - 39 = 3*u. Does 17 divide p?
False
Let a(i) = i**3 + i**2 - i + 3. Is 7 a factor of a(3)?
False
Let b be ((-6)/(-7))/(3/(-84)). Let t be ((-2)/(-5))/((-1)/35). Let v = t - b. Does 5 divide v?
True
Suppose 6*d - d - 20 = 0. Suppose 0*m + 54 = 3*m + 3*p, d*p = 2*m - 12. Is 10 a factor of m?
False
Let p = 57 - 16. Does 10 divide p?
False
Let h be (-2468)/20 - 2/(-5). Does 10 divide (-12)/(-16) + h/(-12)?
False
Let y be -4*(0 + 1/2). Let j be y/(-3) - 412/6. Let t = j - -109. Is t a multiple of 14?
False
Suppose -5*t - 3 = -13. Suppose -7 = t*i - 3*i. Is 6 a factor of i?
False
Suppose -s - 2*s + 9 = -2*x, -x - 2*s + 6 = 0. Let w = 0 + -1. Is 11 a factor of (x - w) + (-30)/(-3)?
True
Let k(c) be the second derivative of -c**4/12 + 8*c**3/3 - 3*c**2/2 - c. Does 26 divide k(5)?
True
Let k(a) be the third derivative of -a**4/8 - 5*a**3/6 - 3*a**2. Is 13 a factor of k(-6)?
True
Does 26 divide 104 - ((-8)/2 + 1)?
False
Suppose -25 = 5*j, -2*a - 64 = -3*a + j. Is a a multiple of 15?
False
Let z(b) = -b**3 + 9*b**2 - 8*b. Let d be z(8). Suppose d*u - 115 = -5*u. Is 23 a factor of u?
True
Let h(v) = -201*v**3 + v**2 + v + 1. Let q be h(-1). Let n = q - 144. Suppose -2 - n = -4*b. Is b a multiple of 10?
False
Is (-316)/(-6) - (-4)/12 a multiple of 38?
False
Does 9 divide (-160)/(-6) - (-2)/6?
True
Let s be (-5)/(-20) - (-31)/4. Let z(a) = 9*a - 7*a + s*a + a. Is z(3) a multiple of 14?
False
Suppose -5*l = 3*z - 101, z - 2 - 55 = 3*l. Is z a multiple of 37?
False
Suppose -2*v + 12 = -0*v. Suppose z - v*z = -250. Let a = z - 5. Does 12 divide a?
False
Let p = 127 + -55. Suppose 3*w + p = -w. Is (-230)/w + (-10)/(-45) a multiple of 13?
True
Let k(c) = c**3 + 12*c**2 + 6*c + 6. Is k(-9) a multiple of 49?
False
Let m = -113 - -77. Is 6/(-3) - (m + -1) a multiple of 22?
False
Let r be (-33 - 9)*(-1 + 0). Let l = r + -13. Is l a multiple of 7?
False
Let s(r) = -r**3 + 6. Let v be s(0). Does 10 divide (-9)/2*(-40)/v?
True
Let p be 5 + 4*1/(-2). Let x be p*(1 + (-51)/(-9)). Suppose -4*b + x = -120. Does 14 divide b?
False
Suppose 5*t - 3*t + 10 = 0. Let r(x) = -2*x**2 + 3*x + 0*x**2 + 24 + 3*x**2 - 31. Is 2 a factor of r(t)?
False
Suppose -3*q = 6, 3*q - 4 + 6 = 4*p. Is 12 a factor of p*2/4*-24?
True
Suppose 0 = 5*g - 4*g - 45. Does 13 divide g?
False
Let b(s) = -6*s**3 - s**2 + 3*s + 1. Let v be 6/8*(-8)/2. Let a be b(v). Suppose 5*l + 2*d - a = d, 5*l + 3*d = 135. Is l a multiple of 15?
True
Let p(a) = a + 7. Let j(h) = -2*h - 7. Let r(b) = -2*j(b) - 3*p(b). Let l be r(7). Let q = 9 + l. Is 8 a factor of q?
False
Suppose 0 = w - 5*w + 140. Is w a multiple of 11?
False
Is 19 a factor of (-380)/(-15)*(5 - 2)?
True
Suppose 5*k - 81 = 39. Does 8 divide k?
True
Suppose -5*r = -5*m + 47 - 12, -3 = 3*m + 3*r. Suppose 0*v + m*v - 54 = 0. Is 6 a factor of v?
True
Let j(l) = -l**2 + 5*l + 6. Let g(w) = -w**2 + 11*w - 13. Let n be g(9). Is j(n) even?
True
Let y = -26 + 35. Is y a multiple of 2?
False
Let h(t) = 0 - t**3 - 1 + 2*t + t**2 - t. Let m(d) = -2*d**3 + 2*d**2 + d - 1. Let k(i) = -7*h(i) + 3*m(i). Is k(4) a multiple of 13?
False
Let u(k) = 34*k**3 + 2*k - 1. Let j be u(1). Suppose 0 = 4*x - j - 33. Is 14 a factor of x?
False
Suppose -346 - 44 = -6*z. Does 14 divide z?
False
Let t = -1 + 4. Let a = -3 + t. Suppose s + a*s - 3 = 0. Is 3 a factor of s?
True
Let n = 37 - 22. Does 11 divide n?
False
Suppose 3*n = 4*x + 219, -144 = -2*n - 0*n + 2*x. Suppose 0*d - d + 57 = 2*t, 2*t + 5*d = n. Is t a multiple of 9?
True
Suppose -4*q + 5*l = -100, 4*q + 4*l = -l + 140. Suppose -4*u + u = -q. Does 5 divide u?
True
Let t(w) = 6*w**2 + w - 4. Does 44 divide t(-8)?
False
Suppose 2*y - 15 = -1. Is y/(-1 - (-6)/4) a multiple of 11?
False
Let v(k) = -k - 8. Let o be v(-6). Let g be 0 + (1 - 31 - o). Is 2 a factor of (-2)/6 - g/12?
True
Suppose -2*h = -2*u - 0 + 8, 2*u = 3*h + 11. Is (u - 0)/((-11)/(-99)) a multiple of 2?
False
Let j = -8 - -12. Suppose -139 = -j*i + 41. Is 15 a factor of i?
True
Is (-2 - -1)*-2 - -70 a multiple of 19?
False
Suppose -5*g + 252 = 52. Is g a multiple of 16?
False
Suppose -5*f = -0*f. Suppose f = -3*k + s + 188, -2*s - 23 = -4*k + 229. Is k a multiple of 25?
False
Suppose -4 - 4 = j. Let g be (j/10)/(4/(-10)). Suppose 0*p - 2*p = -g, -3*c + 59 = -p. Does 12 divide c?
False
Let r = 7 - 3. Suppose 47 = r*p - 25. Is p a multiple of 18?
True
Let z = 17 + -12. Suppose 0*s - s = -z. Suppose 0 = -8*v + s*v + 114. Does 19 divide v?
True
Suppose 0 = v + 2*v - 24. Does 18 divide 81/(12/v + 0)?
True
Let r = 0 + -2. Let h(z) = -3*z**2 + z + 2. Let v be h(r). Is (-68)/v - (-4)/(-6) a multiple of 5?
True
Let p(t) = 6*t - 17. Does 7 divide p(8)?
False
Let p = 109 - 75. Is 23 a factor of p?
False
Let p be (-2)/(-3)*(-108)/(-8). Let f be 2/(-9) + (-245)/(-9). Let v = f - p. Does 9 divide v?
True
Let y = 31 - 24. Is y a multiple of 6?
False
Suppose 4*h = 5 - 1. Let d = 1 + h. Suppose y = -4*f + 38, d*y + 0*y = -5*